{"id":7,"date":"2022-04-18T15:21:27","date_gmt":"2022-04-18T13:21:27","guid":{"rendered":"https:\/\/www.teatrobanal.at\/super\/?page_id=7"},"modified":"2026-04-02T14:22:30","modified_gmt":"2026-04-02T12:22:30","slug":"showkellner","status":"publish","type":"page","link":"https:\/\/www.teatrobanal.at\/super\/showkellner\/","title":{"rendered":"Showkellner"},"content":{"rendered":"\n<h2 class=\"wp-block-heading has-text-align-center has-secondary-color has-text-color\"><strong>Das Comedy Kellner Duo<\/strong><\/h2>\n\n\n\n<figure class=\"wp-block-image size-large\"><img loading=\"lazy\" decoding=\"async\" width=\"771\" height=\"1024\" src=\"https:\/\/www.teatrobanal.at\/super\/wp-content\/uploads\/2022\/04\/Comedy-Kellner-771x1024.jpg\" alt=\"Das Comedy Kellner Duo mit vielen \u00dcberraschungen als lustige, falsche Kellner. Dann lustigen K\u00f6che, komische Kellner auf Teddyb\u00e4ren, Stelzenkellner ...\nEine echte K\u00fcnstlershow und wunderbare Showkellner!\" class=\"wp-image-119\" srcset=\"https:\/\/www.teatrobanal.at\/super\/wp-content\/uploads\/2022\/04\/Comedy-Kellner-771x1024.jpg 771w, https:\/\/www.teatrobanal.at\/super\/wp-content\/uploads\/2022\/04\/Comedy-Kellner-226x300.jpg 226w, https:\/\/www.teatrobanal.at\/super\/wp-content\/uploads\/2022\/04\/Comedy-Kellner-768x1021.jpg 768w, https:\/\/www.teatrobanal.at\/super\/wp-content\/uploads\/2022\/04\/Comedy-Kellner.jpg 1067w\" sizes=\"auto, (max-width: 771px) 100vw, 771px\" \/><\/figure>\n\n\n\n<p class=\"has-normal-font-size\"><strong>Das Comedy Kellner Duo mit vielen \u00dcberraschungen als lustige, falsche Kellner. Dann lustigen K\u00f6che, komische Kellner auf Teddyb\u00e4ren, Stelzenkellner &#8230;<\/strong><br><strong>Eine echte K\u00fcnstlershow und wunderbare Showkellner!<\/strong><\/p>\n\n\n\n<figure class=\"wp-block-gallery has-nested-images columns-default is-cropped wp-block-gallery-1 is-layout-flex wp-block-gallery-is-layout-flex\">\n<figure class=\"wp-block-image size-large\"><img loading=\"lazy\" decoding=\"async\" width=\"407\" height=\"375\" data-id=\"71\" src=\"https:\/\/www.teatrobanal.at\/super\/wp-content\/uploads\/2022\/04\/Comedykellner.jpg\" alt=\"Komische Kellner auf Teddyb\u00e4ren\" class=\"wp-image-71\" srcset=\"https:\/\/www.teatrobanal.at\/super\/wp-content\/uploads\/2022\/04\/Comedykellner.jpg 407w, https:\/\/www.teatrobanal.at\/super\/wp-content\/uploads\/2022\/04\/Comedykellner-300x276.jpg 300w\" sizes=\"auto, (max-width: 407px) 100vw, 407px\" \/><\/figure>\n\n\n\n<figure class=\"wp-block-image size-large\"><img loading=\"lazy\" decoding=\"async\" width=\"277\" height=\"400\" data-id=\"72\" src=\"https:\/\/www.teatrobanal.at\/super\/wp-content\/uploads\/2022\/04\/Stelzenkellner.jpg\" alt=\"Stelzenkellner\" class=\"wp-image-72\" srcset=\"https:\/\/www.teatrobanal.at\/super\/wp-content\/uploads\/2022\/04\/Stelzenkellner.jpg 277w, https:\/\/www.teatrobanal.at\/super\/wp-content\/uploads\/2022\/04\/Stelzenkellner-208x300.jpg 208w\" sizes=\"auto, (max-width: 277px) 100vw, 277px\" \/><\/figure>\n\n\n\n<figure class=\"wp-block-image size-large\"><img loading=\"lazy\" decoding=\"async\" width=\"600\" height=\"453\" data-id=\"73\" src=\"https:\/\/www.teatrobanal.at\/super\/wp-content\/uploads\/2022\/04\/Kellnershow.jpg\" alt=\"Die lustigen K\u00f6che\" class=\"wp-image-73\" srcset=\"https:\/\/www.teatrobanal.at\/super\/wp-content\/uploads\/2022\/04\/Kellnershow.jpg 600w, https:\/\/www.teatrobanal.at\/super\/wp-content\/uploads\/2022\/04\/Kellnershow-300x227.jpg 300w\" sizes=\"auto, (max-width: 600px) 100vw, 600px\" \/><\/figure>\n<\/figure>\n\n\n\n<p class=\"has-normal-font-size\"><strong>Geburtstagsfeiern, Hochzeiten, Firmenveranstaltungen zu unterschiedlichsten Anl\u00e4ssen wie Kundenempf\u00e4nge, Er\u00f6ffnungsfestlichkeiten, Jubil\u00e4ums- oder Weihnachtsfeiern, Mitarbeiterfeste und andere Feierlichkeiten geh\u00f6ren zu unseren Spezialit\u00e4ten. <\/strong><\/p>\n\n\n\n<figure class=\"wp-block-image size-large\"><img loading=\"lazy\" decoding=\"async\" width=\"1024\" height=\"1003\" src=\"https:\/\/www.teatrobanal.at\/super\/wp-content\/uploads\/2023\/04\/Showkellnerprogramm-1024x1003.jpg\" alt=\"Das gro\u00dfartige Showkellnerprogramm\" class=\"wp-image-489\" srcset=\"https:\/\/www.teatrobanal.at\/super\/wp-content\/uploads\/2023\/04\/Showkellnerprogramm-1024x1003.jpg 1024w, https:\/\/www.teatrobanal.at\/super\/wp-content\/uploads\/2023\/04\/Showkellnerprogramm-300x294.jpg 300w, https:\/\/www.teatrobanal.at\/super\/wp-content\/uploads\/2023\/04\/Showkellnerprogramm-768x752.jpg 768w, https:\/\/www.teatrobanal.at\/super\/wp-content\/uploads\/2023\/04\/Showkellnerprogramm-1536x1505.jpg 1536w, https:\/\/www.teatrobanal.at\/super\/wp-content\/uploads\/2023\/04\/Showkellnerprogramm-1200x1176.jpg 1200w, https:\/\/www.teatrobanal.at\/super\/wp-content\/uploads\/2023\/04\/Showkellnerprogramm.jpg 1920w\" sizes=\"auto, (max-width: 1024px) 100vw, 1024px\" \/><\/figure>\n\n\n\n<p class=\"has-normal-font-size\"><strong>Vom Tag der Offenen T\u00fcr bis zum Galaabend, bei der Begr\u00fc\u00dfung der G\u00e4ste, als Begleitung beim Dinner, oder auch einfach als Auflockerung des Events. <\/strong><br><br><strong>Die unterschiedlichsten Bereiche im Laufe einer Veranstaltung k\u00f6nnen von uns abgedeckt werden: erstaunliche Entr\u00e9e-\u00dcberraschung als Begr\u00fc\u00dfung, seri\u00f6ses Dinner-Entertainment mit Showkellnerei, als Kleinkunstbegleitung zwischen den Tischen als Comedy Kellner und komische Kellner.<\/strong><br><strong><br>Auf alle F\u00e4lle wird das Teatro Banal mit seinem<br>Am\u00fcsement den G\u00e4sten noch lange in guter Erinnerung bleiben.<\/strong><\/p>\n\n\n<div class=\"wp-block-image\">\n<figure class=\"aligncenter size-full is-resized\"><img loading=\"lazy\" decoding=\"async\" width=\"952\" height=\"963\" src=\"https:\/\/www.teatrobanal.at\/super\/wp-content\/uploads\/2022\/04\/Showkellner-Duo.jpg\" alt=\"Showkellner im Duo\" class=\"wp-image-126\" style=\"width:402px;height:auto\" srcset=\"https:\/\/www.teatrobanal.at\/super\/wp-content\/uploads\/2022\/04\/Showkellner-Duo.jpg 952w, https:\/\/www.teatrobanal.at\/super\/wp-content\/uploads\/2022\/04\/Showkellner-Duo-297x300.jpg 297w, https:\/\/www.teatrobanal.at\/super\/wp-content\/uploads\/2022\/04\/Showkellner-Duo-768x777.jpg 768w\" sizes=\"auto, (max-width: 952px) 100vw, 952px\" \/><\/figure>\n<\/div>\n\n\n<p class=\"has-normal-font-size\"><strong>Mehr Informationen finden Sie unter: <a href=\"http:\/\/www.Showkellner.at\" target=\"_blank\" rel=\"noreferrer noopener\">www.Showkellner.at<\/a><\/strong><br><br><strong>oder rufen Sie an: <a href=\"tel:+436644732787\">00436644732787<\/a> (auch erreichbar mittels WhatsApp oder SMS)<\/strong><\/p>\n\n\n\n<p class=\"has-normal-font-size\"><strong><a href=\"https:\/\/www.teatrobanal.at\/super\/\">Zur\u00fcck zur Startseite<\/a><\/strong><\/p>\n","protected":false},"excerpt":{"rendered":"<p>Das Comedy Kellner Duo Das Comedy Kellner Duo mit vielen \u00dcberraschungen als lustige, falsche Kellner. Dann lustigen K\u00f6che, komische Kellner auf Teddyb\u00e4ren, Stelzenkellner &#8230;Eine echte K\u00fcnstlershow und wunderbare Showkellner! Geburtstagsfeiern, Hochzeiten, Firmenveranstaltungen zu unterschiedlichsten Anl\u00e4ssen wie Kundenempf\u00e4nge, Er\u00f6ffnungsfestlichkeiten, Jubil\u00e4ums- oder Weihnachtsfeiern, Mitarbeiterfeste und andere Feierlichkeiten geh\u00f6ren zu unseren Spezialit\u00e4ten. Vom Tag der Offenen T\u00fcr bis [&hellip;]<\/p>\n","protected":false},"author":1,"featured_media":0,"parent":0,"menu_order":0,"comment_status":"closed","ping_status":"closed","template":"","meta":{"footnotes":""},"class_list":["post-7","page","type-page","status-publish","hentry"],"yoast_head":"<!-- This site is optimized with the Yoast SEO plugin v27.3 - https:\/\/yoast.com\/product\/yoast-seo-wordpress\/ -->\n<title>Comedy Kellner Duo: lustige Kellner, Chaoskellner, falsche Kellner<\/title>\n<meta name=\"description\" content=\"Als Comedy Kellner Duo mit vielen \u00dcberraschungen als komische, lustige, falsche Kellner. Eine echte K\u00fcnstlershow und wunderbare Showkellner!\" \/>\n<meta name=\"robots\" content=\"index, follow, max-snippet:-1, max-image-preview:large, max-video-preview:-1\" \/>\n<link rel=\"canonical\" href=\"https:\/\/www.teatrobanal.at\/super\/showkellner\/\" \/>\n<meta property=\"og:locale\" content=\"de_DE\" \/>\n<meta property=\"og:type\" content=\"article\" \/>\n<meta property=\"og:title\" content=\"Comedy Kellner Duo: lustige Kellner, Chaoskellner, falsche Kellner\" \/>\n<meta property=\"og:description\" content=\"Als Comedy Kellner Duo mit vielen \u00dcberraschungen als komische, lustige, falsche Kellner. Eine echte K\u00fcnstlershow und wunderbare Showkellner!\" \/>\n<meta property=\"og:url\" content=\"https:\/\/www.teatrobanal.at\/super\/showkellner\/\" \/>\n<meta property=\"og:site_name\" content=\"Kleinkunst Duo - Teatro Banal\" \/>\n<meta property=\"article:modified_time\" content=\"2026-04-02T12:22:30+00:00\" \/>\n<meta property=\"og:image\" content=\"https:\/\/www.teatrobanal.at\/super\/wp-content\/uploads\/2022\/04\/Comedy-Kellner.jpg\" \/>\n\t<meta property=\"og:image:width\" content=\"1067\" \/>\n\t<meta property=\"og:image:height\" content=\"1418\" \/>\n\t<meta property=\"og:image:type\" content=\"image\/jpeg\" \/>\n<meta name=\"twitter:card\" content=\"summary_large_image\" \/>\n<meta name=\"twitter:label1\" content=\"Gesch\u00e4tzte Lesezeit\" \/>\n\t<meta name=\"twitter:data1\" content=\"2\u00a0Minuten\" \/>\n<script type=\"application\/ld+json\" class=\"yoast-schema-graph\">{\"@context\":\"https:\\\/\\\/schema.org\",\"@graph\":[{\"@type\":\"WebPage\",\"@id\":\"https:\\\/\\\/www.teatrobanal.at\\\/super\\\/showkellner\\\/\",\"url\":\"https:\\\/\\\/www.teatrobanal.at\\\/super\\\/showkellner\\\/\",\"name\":\"Comedy Kellner Duo: lustige Kellner, Chaoskellner, falsche Kellner\",\"isPartOf\":{\"@id\":\"https:\\\/\\\/www.teatrobanal.at\\\/super\\\/#website\"},\"primaryImageOfPage\":{\"@id\":\"https:\\\/\\\/www.teatrobanal.at\\\/super\\\/showkellner\\\/#primaryimage\"},\"image\":{\"@id\":\"https:\\\/\\\/www.teatrobanal.at\\\/super\\\/showkellner\\\/#primaryimage\"},\"thumbnailUrl\":\"https:\\\/\\\/www.teatrobanal.at\\\/super\\\/wp-content\\\/uploads\\\/2022\\\/04\\\/Comedy-Kellner-771x1024.jpg\",\"datePublished\":\"2022-04-18T13:21:27+00:00\",\"dateModified\":\"2026-04-02T12:22:30+00:00\",\"description\":\"Als Comedy Kellner Duo mit vielen \u00dcberraschungen als komische, lustige, falsche Kellner. Eine echte K\u00fcnstlershow und wunderbare Showkellner!\",\"breadcrumb\":{\"@id\":\"https:\\\/\\\/www.teatrobanal.at\\\/super\\\/showkellner\\\/#breadcrumb\"},\"inLanguage\":\"de\",\"potentialAction\":[{\"@type\":\"ReadAction\",\"target\":[\"https:\\\/\\\/www.teatrobanal.at\\\/super\\\/showkellner\\\/\"]}]},{\"@type\":\"ImageObject\",\"inLanguage\":\"de\",\"@id\":\"https:\\\/\\\/www.teatrobanal.at\\\/super\\\/showkellner\\\/#primaryimage\",\"url\":\"https:\\\/\\\/www.teatrobanal.at\\\/super\\\/wp-content\\\/uploads\\\/2022\\\/04\\\/Comedy-Kellner.jpg\",\"contentUrl\":\"https:\\\/\\\/www.teatrobanal.at\\\/super\\\/wp-content\\\/uploads\\\/2022\\\/04\\\/Comedy-Kellner.jpg\",\"width\":1067,\"height\":1418,\"caption\":\"Comedy Kellner\"},{\"@type\":\"BreadcrumbList\",\"@id\":\"https:\\\/\\\/www.teatrobanal.at\\\/super\\\/showkellner\\\/#breadcrumb\",\"itemListElement\":[{\"@type\":\"ListItem\",\"position\":1,\"name\":\"Startseite Kleinkunst Duo Teatro Banal\",\"item\":\"https:\\\/\\\/www.teatrobanal.at\\\/super\\\/\"},{\"@type\":\"ListItem\",\"position\":2,\"name\":\"Showkellner\"}]},{\"@type\":\"WebSite\",\"@id\":\"https:\\\/\\\/www.teatrobanal.at\\\/super\\\/#website\",\"url\":\"https:\\\/\\\/www.teatrobanal.at\\\/super\\\/\",\"name\":\"Kleinkunst Duo - Teatro Banal\",\"description\":\"Startseite\",\"publisher\":{\"@id\":\"https:\\\/\\\/www.teatrobanal.at\\\/super\\\/#organization\"},\"potentialAction\":[{\"@type\":\"SearchAction\",\"target\":{\"@type\":\"EntryPoint\",\"urlTemplate\":\"https:\\\/\\\/www.teatrobanal.at\\\/super\\\/?s={search_term_string}\"},\"query-input\":{\"@type\":\"PropertyValueSpecification\",\"valueRequired\":true,\"valueName\":\"search_term_string\"}}],\"inLanguage\":\"de\"},{\"@type\":\"Organization\",\"@id\":\"https:\\\/\\\/www.teatrobanal.at\\\/super\\\/#organization\",\"name\":\"Das Kleinkunst Duo\",\"url\":\"https:\\\/\\\/www.teatrobanal.at\\\/super\\\/\",\"logo\":{\"@type\":\"ImageObject\",\"inLanguage\":\"de\",\"@id\":\"https:\\\/\\\/www.teatrobanal.at\\\/super\\\/#\\\/schema\\\/logo\\\/image\\\/\",\"url\":\"https:\\\/\\\/www.teatrobanal.at\\\/super\\\/wp-content\\\/uploads\\\/2022\\\/04\\\/Spasskellner-Show.jpg\",\"contentUrl\":\"https:\\\/\\\/www.teatrobanal.at\\\/super\\\/wp-content\\\/uploads\\\/2022\\\/04\\\/Spasskellner-Show.jpg\",\"width\":1920,\"height\":1080,\"caption\":\"Das Kleinkunst Duo\"},\"image\":{\"@id\":\"https:\\\/\\\/www.teatrobanal.at\\\/super\\\/#\\\/schema\\\/logo\\\/image\\\/\"}}]}<\/script>\n<!-- \/ Yoast SEO plugin. -->","yoast_head_json":{"title":"Comedy Kellner Duo: lustige Kellner, Chaoskellner, falsche Kellner","description":"Als Comedy Kellner Duo mit vielen \u00dcberraschungen als komische, lustige, falsche Kellner. Eine echte K\u00fcnstlershow und wunderbare Showkellner!","robots":{"index":"index","follow":"follow","max-snippet":"max-snippet:-1","max-image-preview":"max-image-preview:large","max-video-preview":"max-video-preview:-1"},"canonical":"https:\/\/www.teatrobanal.at\/super\/showkellner\/","og_locale":"de_DE","og_type":"article","og_title":"Comedy Kellner Duo: lustige Kellner, Chaoskellner, falsche Kellner","og_description":"Als Comedy Kellner Duo mit vielen \u00dcberraschungen als komische, lustige, falsche Kellner. Eine echte K\u00fcnstlershow und wunderbare Showkellner!","og_url":"https:\/\/www.teatrobanal.at\/super\/showkellner\/","og_site_name":"Kleinkunst Duo - Teatro Banal","article_modified_time":"2026-04-02T12:22:30+00:00","og_image":[{"width":1067,"height":1418,"url":"https:\/\/www.teatrobanal.at\/super\/wp-content\/uploads\/2022\/04\/Comedy-Kellner.jpg","type":"image\/jpeg"}],"twitter_card":"summary_large_image","twitter_misc":{"Gesch\u00e4tzte Lesezeit":"2\u00a0Minuten"},"schema":{"@context":"https:\/\/schema.org","@graph":[{"@type":"WebPage","@id":"https:\/\/www.teatrobanal.at\/super\/showkellner\/","url":"https:\/\/www.teatrobanal.at\/super\/showkellner\/","name":"Comedy Kellner Duo: lustige Kellner, Chaoskellner, falsche Kellner","isPartOf":{"@id":"https:\/\/www.teatrobanal.at\/super\/#website"},"primaryImageOfPage":{"@id":"https:\/\/www.teatrobanal.at\/super\/showkellner\/#primaryimage"},"image":{"@id":"https:\/\/www.teatrobanal.at\/super\/showkellner\/#primaryimage"},"thumbnailUrl":"https:\/\/www.teatrobanal.at\/super\/wp-content\/uploads\/2022\/04\/Comedy-Kellner-771x1024.jpg","datePublished":"2022-04-18T13:21:27+00:00","dateModified":"2026-04-02T12:22:30+00:00","description":"Als Comedy Kellner Duo mit vielen \u00dcberraschungen als komische, lustige, falsche Kellner. Eine echte K\u00fcnstlershow und wunderbare Showkellner!","breadcrumb":{"@id":"https:\/\/www.teatrobanal.at\/super\/showkellner\/#breadcrumb"},"inLanguage":"de","potentialAction":[{"@type":"ReadAction","target":["https:\/\/www.teatrobanal.at\/super\/showkellner\/"]}]},{"@type":"ImageObject","inLanguage":"de","@id":"https:\/\/www.teatrobanal.at\/super\/showkellner\/#primaryimage","url":"https:\/\/www.teatrobanal.at\/super\/wp-content\/uploads\/2022\/04\/Comedy-Kellner.jpg","contentUrl":"https:\/\/www.teatrobanal.at\/super\/wp-content\/uploads\/2022\/04\/Comedy-Kellner.jpg","width":1067,"height":1418,"caption":"Comedy Kellner"},{"@type":"BreadcrumbList","@id":"https:\/\/www.teatrobanal.at\/super\/showkellner\/#breadcrumb","itemListElement":[{"@type":"ListItem","position":1,"name":"Startseite Kleinkunst Duo Teatro Banal","item":"https:\/\/www.teatrobanal.at\/super\/"},{"@type":"ListItem","position":2,"name":"Showkellner"}]},{"@type":"WebSite","@id":"https:\/\/www.teatrobanal.at\/super\/#website","url":"https:\/\/www.teatrobanal.at\/super\/","name":"Kleinkunst Duo - Teatro Banal","description":"Startseite","publisher":{"@id":"https:\/\/www.teatrobanal.at\/super\/#organization"},"potentialAction":[{"@type":"SearchAction","target":{"@type":"EntryPoint","urlTemplate":"https:\/\/www.teatrobanal.at\/super\/?s={search_term_string}"},"query-input":{"@type":"PropertyValueSpecification","valueRequired":true,"valueName":"search_term_string"}}],"inLanguage":"de"},{"@type":"Organization","@id":"https:\/\/www.teatrobanal.at\/super\/#organization","name":"Das Kleinkunst Duo","url":"https:\/\/www.teatrobanal.at\/super\/","logo":{"@type":"ImageObject","inLanguage":"de","@id":"https:\/\/www.teatrobanal.at\/super\/#\/schema\/logo\/image\/","url":"https:\/\/www.teatrobanal.at\/super\/wp-content\/uploads\/2022\/04\/Spasskellner-Show.jpg","contentUrl":"https:\/\/www.teatrobanal.at\/super\/wp-content\/uploads\/2022\/04\/Spasskellner-Show.jpg","width":1920,"height":1080,"caption":"Das Kleinkunst Duo"},"image":{"@id":"https:\/\/www.teatrobanal.at\/super\/#\/schema\/logo\/image\/"}}]}},"_links":{"self":[{"href":"https:\/\/www.teatrobanal.at\/super\/wp-json\/wp\/v2\/pages\/7","targetHints":{"allow":["GET"]}}],"collection":[{"href":"https:\/\/www.teatrobanal.at\/super\/wp-json\/wp\/v2\/pages"}],"about":[{"href":"https:\/\/www.teatrobanal.at\/super\/wp-json\/wp\/v2\/types\/page"}],"author":[{"embeddable":true,"href":"https:\/\/www.teatrobanal.at\/super\/wp-json\/wp\/v2\/users\/1"}],"replies":[{"embeddable":true,"href":"https:\/\/www.teatrobanal.at\/super\/wp-json\/wp\/v2\/comments?post=7"}],"version-history":[{"count":49,"href":"https:\/\/www.teatrobanal.at\/super\/wp-json\/wp\/v2\/pages\/7\/revisions"}],"predecessor-version":[{"id":622,"href":"https:\/\/www.teatrobanal.at\/super\/wp-json\/wp\/v2\/pages\/7\/revisions\/622"}],"wp:attachment":[{"href":"https:\/\/www.teatrobanal.at\/super\/wp-json\/wp\/v2\/media?parent=7"}],"curies":[{"name":"wp","href":"https:\/\/api.w.org\/{rel}","templated":true}]}}